{"id":28297,"date":"2023-04-16T10:48:17","date_gmt":"2023-04-16T08:48:17","guid":{"rendered":"https:\/\/roboticafestival.it\/2023\/?page_id=28297"},"modified":"2023-04-16T10:49:58","modified_gmt":"2023-04-16T08:49:58","slug":"privacy-policy","status":"publish","type":"page","link":"https:\/\/roboticafestival.it\/2023\/privacy-policy\/","title":{"rendered":"Privacy Policy"},"content":{"rendered":"\t\t<div data-elementor-type=\"wp-page\" data-elementor-id=\"28297\" class=\"elementor elementor-28297\">\n\t\t\t\t\t\t\t\t\t<section class=\"elementor-section elementor-top-section elementor-element elementor-element-5accfc0f elementor-section-stretched elementor-section-boxed elementor-section-height-default elementor-section-height-default\" data-id=\"5accfc0f\" data-element_type=\"section\" data-settings=\"{&quot;stretch_section&quot;:&quot;section-stretched&quot;,&quot;background_background&quot;:&quot;classic&quot;}\">\n\t\t\t\t\t\t<div class=\"elementor-container elementor-column-gap-default\">\n\t\t\t\t\t<div class=\"elementor-column elementor-col-50 elementor-top-column elementor-element elementor-element-518bcb1a\" data-id=\"518bcb1a\" data-element_type=\"column\">\n\t\t\t<div class=\"elementor-widget-wrap elementor-element-populated\">\n\t\t\t\t\t\t\t\t<div class=\"elementor-element elementor-element-427c1cf4 elementor-widget elementor-widget-rs-heading\" data-id=\"427c1cf4\" data-element_type=\"widget\" data-widget_type=\"rs-heading.default\">\n\t\t\t\t<div class=\"elementor-widget-container\">\n\t\t\t\n        <div class=\"prelements-heading water__slide_no style4 animate- \">\n        \t<div class=\"title-inner\">        \t\t      \t\t\n\t            <h1 class=\"title\"><span class=\"watermark\">Contact<\/span>Privacy policy<\/h1>\t\t\t\t\n\t\t\t\t\t        <\/div>\n\t                <\/div>\n        \t\t<\/div>\n\t\t\t\t<\/div>\n\t\t\t\t\t<\/div>\n\t\t<\/div>\n\t\t\t\t<div class=\"elementor-column elementor-col-50 elementor-top-column elementor-element elementor-element-627b15dd\" data-id=\"627b15dd\" data-element_type=\"column\">\n\t\t\t<div class=\"elementor-widget-wrap\">\n\t\t\t\t\t\t\t\t\t<\/div>\n\t\t<\/div>\n\t\t\t\t\t\t\t<\/div>\n\t\t<\/section>\n\t\t\t\t<section class=\"elementor-section elementor-top-section elementor-element elementor-element-1939a138 elementor-section-stretched elementor-section-boxed elementor-section-height-default elementor-section-height-default\" data-id=\"1939a138\" data-element_type=\"section\" data-settings=\"{&quot;stretch_section&quot;:&quot;section-stretched&quot;,&quot;background_background&quot;:&quot;classic&quot;}\">\n\t\t\t\t\t\t\t<div class=\"elementor-background-overlay\"><\/div>\n\t\t\t\t\t\t\t<div class=\"elementor-container elementor-column-gap-default\">\n\t\t\t\t\t<div class=\"elementor-column elementor-col-100 elementor-top-column elementor-element elementor-element-50484b2d\" data-id=\"50484b2d\" data-element_type=\"column\">\n\t\t\t<div class=\"elementor-widget-wrap elementor-element-populated\">\n\t\t\t\t\t\t\t\t<section class=\"elementor-section elementor-inner-section elementor-element elementor-element-3b0aec3 elementor-section-content-bottom elementor-section-boxed elementor-section-height-default elementor-section-height-default\" data-id=\"3b0aec3\" data-element_type=\"section\" data-settings=\"{&quot;background_background&quot;:&quot;classic&quot;}\">\n\t\t\t\t\t\t<div class=\"elementor-container elementor-column-gap-default\">\n\t\t\t\t\t<div class=\"elementor-column elementor-col-100 elementor-inner-column elementor-element elementor-element-c09a5c3\" data-id=\"c09a5c3\" data-element_type=\"column\">\n\t\t\t<div class=\"elementor-widget-wrap elementor-element-populated\">\n\t\t\t\t\t\t\t\t<div class=\"elementor-element elementor-element-607cc21 elementor-widget elementor-widget-text-editor\" data-id=\"607cc21\" data-element_type=\"widget\" data-widget_type=\"text-editor.default\">\n\t\t\t\t<div class=\"elementor-widget-container\">\n\t\t\t<style>\/*! elementor - v3.12.1 - 02-04-2023 *\/\n.elementor-widget-text-editor.elementor-drop-cap-view-stacked .elementor-drop-cap{background-color:#69727d;color:#fff}.elementor-widget-text-editor.elementor-drop-cap-view-framed .elementor-drop-cap{color:#69727d;border:3px solid;background-color:transparent}.elementor-widget-text-editor:not(.elementor-drop-cap-view-default) .elementor-drop-cap{margin-top:8px}.elementor-widget-text-editor:not(.elementor-drop-cap-view-default) .elementor-drop-cap-letter{width:1em;height:1em}.elementor-widget-text-editor .elementor-drop-cap{float:left;text-align:center;line-height:1;font-size:50px}.elementor-widget-text-editor .elementor-drop-cap-letter{display:inline-block}<\/style>\t\t\t\t<p><strong>PRIVACY POLICY SITO INTERNET <\/strong><\/p><p><strong>HTTPS:\/\/ROBOTICAFESTIVAL.IT<\/strong><\/p><p><strong>Informativa ai sensi dell\u2019art. 13 Regolamento UE 679\/2016 (GDPR)<\/strong><\/p><p>\u00a0<\/p><p>Fondazione Tech Care, quale Titolare del sito internet https:\/\/roboticafestival.it e nell\u2019ambito di tutte le sue attivit\u00e0<u>,<\/u> Le fornisce le seguenti informazioni relative al trattamento dei dati personali con riferimento alla navigazione e l\u2019utilizzo del seguente sito internet. Il Titolare del trattamento si impegna a tutelare la riservatezza e i diritti dell\u2019Interessato secondo i principi di correttezza, liceit\u00e0 e trasparenza.<\/p><p><strong>\u00a0<\/strong><\/p><ol><li><strong> Il Titolare del trattamento<\/strong><\/li><\/ol><p>Il Titolare del Trattamento dei dati di cui alla presente informativa \u00e8 Fondazione Tech Care, sede legale in Via Francesco Crispi, 35 Pisa (PI), p. iva 93080090504. Il Titolare non ha nominato un responsabile per la protezione dei dati personali ed \u00e8 contattabile all\u2019indirizzo ferrarimauro1@gmail.com.<\/p><p><strong>\u00a0<\/strong><\/p><ol start=\"2\"><li><strong> Categorie di dati, finalit\u00e0 del trattamento e base giuridica<\/strong><\/li><\/ol><p>Il Titolare del trattamento, attraverso l\u2019utilizzo del sito internet da parte dell\u2019utente, tratter\u00e0 le seguenti tipologie di dati:<\/p><ul><li><strong>Dati di navigazione<\/strong> <strong>necessar<\/strong>i:\u00a0i sistemi informatici e le procedure software preposte al funzionamento di questo sito acquisiscono, nel corso del loro normale esercizio, alcuni dati personali la cui trasmissione \u00e8 implicita nell&#8217;uso dei protocolli di comunicazione di Internet. Si tratta di informazioni che non consentono l\u2019identificazione dell\u2019interessato, ma che per loro stessa natura potrebbero permettere di identificare gli utenti qualora elaborate ed associate con dati detenuti da terzi. Tali dati, necessari per la fruizione dei servizi web, vengono trattati per le seguenti finalit\u00e0:<ol><li>ottenere informazioni statistiche sull&#8217;uso dei servizi (pagine pi\u00f9 visitate, numero di visitatori per fascia oraria o giornaliera, ecc.);<\/li><li>controllare il corretto funzionamento dei servizi offerti;<\/li><li>accertare responsabilit\u00e0 in caso di reati informatici.<\/li><\/ol><\/li><\/ul><p>I dati personali saranno trattati dal Titolare ai sensi dell\u2019art. 6 par. 1 lett. f) GDPR.<\/p><ul><li><strong>Dati dell\u2019utente<\/strong>: Il titolare pu\u00f2 trattare dati personali che riguardano l\u2019utente nei rapporti connessi alla propria attivit\u00e0 (es. nome, cognome, codice fiscale, partita iva, recapiti, riferimento bancari e di pagamento) per la conclusione e gestione dei relativi rapporti sempre in modo lecito e secondo correttezza, conservando i dati nel rispetto degli obblighi di sicurezza prescritti nel Regolamento Europeo UE 2016\/679. Il titolare pu\u00f2 trattare:<ol><li>dati personali conferiti mediante la compilazione degli appositi spazi dedicati sul sito alla richiesta di informazioni, al fine di riscontrare le richieste dell\u2019utente;<\/li><li>dati necessari a svolgere tutte le attivit\u00e0 amministrative, contabili e fiscali correlate alla finalit\u00e0 di cui alla lettera a) nonch\u00e9 rispettare le disposizioni di leggi e regolamenti, nazionali ed esteri, oppure eseguire un ordine dell\u2019autorit\u00e0 giudiziaria o di altre autorit\u00e0 alle quali il Titolare \u00e8 soggetto;<\/li><li>esercitare i diritti del Titolare con particolare riferimento a quello di difesa in giudizio.<\/li><\/ol><\/li><\/ul><p>I dati personali di cui sopra saranno trattati dal Titolare per dare esecuzione a misure precontrattuali e contrattuali di cui l\u2019interessato \u00e8 parte ai sensi dell\u2019art. 6 par. 1 lett. b) e c) GDPR.<\/p><p>Il conferimento dei dati per le finalit\u00e0 di cui al punto 2 \u00e8 facoltativo, tuttavia, il mancato conferimento dei dati e\/o l\u2019eventuale espresso rifiuto al trattamento comporter\u00e0 l&#8217;impossibilit\u00e0 per il Titolare di dare seguito ai servizi richiesti.<\/p><ul><li><strong>Newslette<\/strong>r: nome e indirizzo e-mail conferiti mediante la compilazione del Form di iscrizione al servizio di newsletter, al fine di inviare comunicazioni inerenti alla promozione di prodotti, servizi, distribuzione di materiale a carattere informativo, pubblicitario e promozionale. Il Titolare si riserva il diritto di inviare newsletter o questionari direttamente al soggetto interessato soltanto qualora questi abbia espresso il proprio specifico consenso alla ricezione di messaggi personali tramite l\u2019adesione alla nostra newsletter. In qualsiasi momento Lei potr\u00e0 revocare il proprio consenso al trattamento o esercitare uno dei diritti di cui all\u2019art 15-22 GDPR contattando il titolare direttamente al contatto mail: ferrarimauro1@gmail.com;<\/li><li><strong>Marketing personalizzato<\/strong>: dati inerenti alle preferenze dell\u2019interessato ai fini di svolgere analisi, attraverso un processo automatizzato, volte a migliorare l\u2019esperienza di acquisto dell\u2019utente sul sito, adeguando le attivit\u00e0 di marketing del Titolare e i contenuti delle offerte personalizzate.\u00a0<\/li><\/ul><p>I dati di cui sopra potranno essere trattati dal Titolare esclusivamente attraverso il previo consenso dell\u2019interessato che potr\u00e0, in qualsiasi momento, interrompere il trattamento. Per ulteriori informazioni si rimanda alla relativa cookie policy.<\/p><p>Il conferimento dei dati per le finalit\u00e0 di cui ai punti 3 e 4 \u00e8 facoltativo, tuttavia, il mancato conferimento dei dati e\/o l\u2019eventuale espresso rifiuto al trattamento comporter\u00e0 l&#8217;impossibilit\u00e0 per il Titolare di dare seguito esclusivamente ai servizi richiesti<\/p><ul><li><strong>Cookies: <\/strong>Per quanto riguarda i cookies trattati da https:\/\/roboticafestival.it si rimanda alla relativa cookie policy.<\/li><\/ul><p>I trattamenti effettuati per mezzo di strumenti quali i cookie tecnici non consistono nella raccolta di dati personali relativi al singolo utente e pertanto non necessitano del consenso dell\u2019interessato n\u00e9 di altra base giuridica. Essi sono necessari per garantire al Titolare la fruizione ed il miglioramento del sito web.<\/p><p>Per quanto riguarda i cookie di natura non tecnica, la base giuridica \u00e8 individuata nel consenso dell\u2019interessato. Tutti i dati non necessari al perseguimento della finalit\u00e0 su esposte non verranno trattati dal Titolare del trattamento e saranno tempestivamente cancellati.<\/p><ul><li><strong>Dati aggregati: <\/strong>analisi in forma anonima ed aggregata dell&#8217;utilizzo dei servizi fruiti, per identificare abitudini e propensioni degli Interessati a fini statistici e per migliorare la qualit\u00e0 dei servizi forniti. Il titolare tratter\u00e0 questi dati per il perseguimento di un legittimo interesse ai sensi dell\u2019art. 6 par. 1 lett. f) GDPR.<\/li><\/ul><p><strong>\u00a0<\/strong><\/p><ol start=\"3\"><li><strong> Modalit\u00e0 del trattamento<\/strong><\/li><\/ol><p>I dati personali saranno trattati secondo i principi di correttezza, liceit\u00e0 e trasparenza, principalmente in forma digitalizzata. Il Trattamento verr\u00e0 eseguito direttamente dal Titolare o dai singoli professionisti a servizio dello stesso: tra i destinatari dei Suoi dati personali sono incluse anche altre persone autorizzate, quali i collaboratori del Titolare, il personale di segreteria e gli addetti a funzioni specifiche inerenti alla gestione del sito, i quali sono costantemente identificati, opportunamente istruiti e debitamente designati e autorizzati. Il trattamento pu\u00f2 essere svolto con o senza l\u2019ausilio di strumenti elettronici o comunque automatizzati, salvaguardando la protezione dei dati da intrusioni, accessi non autorizzati, alterazione e perdita dei dati mediante l\u2019adozione di apposite misure di sicurezza.<\/p><p>\u00a0<\/p><ol start=\"4\"><li><strong> Tempi di conservazione dei dati personali<\/strong><\/li><\/ol><p>I dati personali saranno conservati per il tempo necessario al perseguimento delle finalit\u00e0 per i quali sono stati trattati fatto salvo il maggior tempo necessario per adempiere ad obblighi di legge in ragione della natura del dato o del documento. I dati personali relativi al servizio di newsletter verranno conservati sino alla revoca del consenso da parte dell\u2019interessato.<\/p><p>Dopo la decorrenza dei termini di conservazione, il Titolare provveder\u00e0 ad adottare misure preordinate alla cancellazione o all\u2019anonimizzazione dei dati, salvo che debbano essere conservati in forza di obblighi di legge.<\/p><p>\u00a0<\/p><ol start=\"5\"><li><strong> Categorie di soggetti destinatari dei dati<\/strong><\/li><\/ol><p>I suoi dati potranno essere comunicati a:<\/p><ol><li>Collaboratori del Titolare appositamente nominati, nell\u2019ambito delle rispettive competenze;<\/li><li>Societ\u00e0 di recupero crediti e\/o istituti di credito;<\/li><li>Societ\u00e0 di consulenza informatica, agenzie di marketing, piattaforme che offrono servizi di pagamento on line, soggetti facenti parte di Fondazione Tech Care, soggetti che a vario titolo prestino servizi o attivit\u00e0 di assistenza e consulenza al Titolare;<\/li><li>Autorit\u00e0 giudiziarie, amministrative o di vigilanza;<\/li><\/ol><p>I soggetti di cui sopra operano in totale autonomia come distinti titolari del trattamento o in qualit\u00e0 di Responsabili del trattamento appositamente nominati dal titolare che ne custodisce l\u2019elenco presso la propria sede.<\/p><p>I Suoi dati personali possono essere soggetti a comunicazione o diffusione nei casi previsti dalla legge.<\/p><p>Non sono previsti trattamenti aventi ad oggetto dati dei minori.<\/p><p>\u00a0<\/p><ol start=\"6\"><li><strong> Diritti dell&#8217;interessato<\/strong><\/li><\/ol><p>Ai sensi degli artt. 15-22 del GDPR, tra i diritti a Lei riconosciuti relativamente al trattamento dei suoi dati per mezzo del sito internet, rientrano quelli di:<\/p><ul><li>accedere ai propri dati personali e di ottenere copia degli stessi;<\/li><li>ottenere la rettifica e l\u2019integrazione dei propri dati;<\/li><li>ottenere la cancellazione dei propri dati, nei casi previsti dalla legge;<\/li><li>ottenere la limitazione del trattamento dei propri dati personali in presenza di<br \/>determinate condizioni;<\/li><li>esercitare il diritto alla portabilit\u00e0, qualora ne ricorrano le condizioni;<\/li><li>opporsi al trattamento dei dati personali qualora ricorrano motivi connessi alla sua situazione personale;<\/li><li>non essere sottoposto ad un processo decisionale automatizzato;<\/li><li>revocare in qualsiasi momento il consenso al trattamento in qualsiasi momento;<\/li><li>presentare reclamo davanti all\u2019Autorit\u00e0 Garante per la protezione dei dati personali, consultando il sito https:\/\/www.garanteprivacy.it.<\/li><\/ul><p>Pu\u00f2 esercitare i diritti di cui sopra contattando il titolare all\u2019indirizzo mail: ferrarimauro1@gmail.com<\/p>\t\t\t\t\t\t<\/div>\n\t\t\t\t<\/div>\n\t\t\t\t\t<\/div>\n\t\t<\/div>\n\t\t\t\t\t\t\t<\/div>\n\t\t<\/section>\n\t\t\t\t\t<\/div>\n\t\t<\/div>\n\t\t\t\t\t\t\t<\/div>\n\t\t<\/section>\n\t\t\t\t\t\t\t<\/div>\n\t\t","protected":false},"excerpt":{"rendered":"<p>ContactPrivacy policy PRIVACY POLICY SITO INTERNET HTTPS:\/\/ROBOTICAFESTIVAL.IT Informativa ai sensi dell\u2019art. 13 Regolamento UE 679\/2016 (GDPR) \u00a0 Fondazione Tech Care, quale Titolare del sito internet https:\/\/roboticafestival.it e nell\u2019ambito di tutte le sue attivit\u00e0, Le fornisce le seguenti informazioni relative al trattamento dei dati personali con riferimento alla navigazione e l\u2019utilizzo del seguente sito internet. Il&#8230;<\/p>\n","protected":false},"author":1,"featured_media":0,"parent":0,"menu_order":0,"comment_status":"closed","ping_status":"closed","template":"","meta":[],"yoast_head":"<!-- This site is optimized with the Yoast SEO plugin v20.5 - https:\/\/yoast.com\/wordpress\/plugins\/seo\/ -->\n<title>Privacy Policy - Festival della Robotica<\/title>\n<meta name=\"robots\" content=\"index, follow, max-snippet:-1, max-image-preview:large, max-video-preview:-1\" \/>\n<link rel=\"canonical\" href=\"https:\/\/roboticafestival.it\/2023\/privacy-policy\/\" \/>\n<meta property=\"og:locale\" content=\"it_IT\" \/>\n<meta property=\"og:type\" content=\"article\" \/>\n<meta property=\"og:title\" content=\"Privacy Policy - Festival della Robotica\" \/>\n<meta property=\"og:description\" content=\"ContactPrivacy policy PRIVACY POLICY SITO INTERNET HTTPS:\/\/ROBOTICAFESTIVAL.IT Informativa ai sensi dell\u2019art. 13 Regolamento UE 679\/2016 (GDPR) \u00a0 Fondazione Tech Care, quale Titolare del sito internet https:\/\/roboticafestival.it e nell\u2019ambito di tutte le sue attivit\u00e0, Le fornisce le seguenti informazioni relative al trattamento dei dati personali con riferimento alla navigazione e l\u2019utilizzo del seguente sito internet. Il...\" \/>\n<meta property=\"og:url\" content=\"https:\/\/roboticafestival.it\/2023\/privacy-policy\/\" \/>\n<meta property=\"og:site_name\" content=\"Festival della Robotica\" \/>\n<meta property=\"article:publisher\" content=\"https:\/\/www.facebook.com\/roboticsfestivalpisa\/\" \/>\n<meta property=\"article:modified_time\" content=\"2023-04-16T08:49:58+00:00\" \/>\n<meta name=\"twitter:card\" content=\"summary_large_image\" \/>\n<meta name=\"twitter:label1\" content=\"Tempo di lettura stimato\" \/>\n\t<meta name=\"twitter:data1\" content=\"7 minuti\" \/>\n<script type=\"application\/ld+json\" class=\"yoast-schema-graph\">{\"@context\":\"https:\/\/schema.org\",\"@graph\":[{\"@type\":\"WebPage\",\"@id\":\"https:\/\/roboticafestival.it\/2023\/privacy-policy\/\",\"url\":\"https:\/\/roboticafestival.it\/2023\/privacy-policy\/\",\"name\":\"Privacy Policy - Festival della Robotica\",\"isPartOf\":{\"@id\":\"https:\/\/roboticafestival.it\/2023\/#website\"},\"datePublished\":\"2023-04-16T08:48:17+00:00\",\"dateModified\":\"2023-04-16T08:49:58+00:00\",\"breadcrumb\":{\"@id\":\"https:\/\/roboticafestival.it\/2023\/privacy-policy\/#breadcrumb\"},\"inLanguage\":\"it-IT\",\"potentialAction\":[{\"@type\":\"ReadAction\",\"target\":[\"https:\/\/roboticafestival.it\/2023\/privacy-policy\/\"]}]},{\"@type\":\"BreadcrumbList\",\"@id\":\"https:\/\/roboticafestival.it\/2023\/privacy-policy\/#breadcrumb\",\"itemListElement\":[{\"@type\":\"ListItem\",\"position\":1,\"name\":\"Home\",\"item\":\"https:\/\/roboticafestival.it\/2023\/\"},{\"@type\":\"ListItem\",\"position\":2,\"name\":\"Privacy Policy\"}]},{\"@type\":\"WebSite\",\"@id\":\"https:\/\/roboticafestival.it\/2023\/#website\",\"url\":\"https:\/\/roboticafestival.it\/2023\/\",\"name\":\"Festival della Robotica\",\"description\":\"Evento di divulgazione scientifica del mondo della tecnologia e dell&#039;innovazione\",\"publisher\":{\"@id\":\"https:\/\/roboticafestival.it\/2023\/#organization\"},\"potentialAction\":[{\"@type\":\"SearchAction\",\"target\":{\"@type\":\"EntryPoint\",\"urlTemplate\":\"https:\/\/roboticafestival.it\/2023\/?s={search_term_string}\"},\"query-input\":\"required name=search_term_string\"}],\"inLanguage\":\"it-IT\"},{\"@type\":\"Organization\",\"@id\":\"https:\/\/roboticafestival.it\/2023\/#organization\",\"name\":\"Festival della Robotica\",\"url\":\"https:\/\/roboticafestival.it\/2023\/\",\"logo\":{\"@type\":\"ImageObject\",\"inLanguage\":\"it-IT\",\"@id\":\"https:\/\/roboticafestival.it\/2023\/#\/schema\/logo\/image\/\",\"url\":\"https:\/\/roboticafestival.it\/2023\/wp-content\/uploads\/2023\/04\/logo-blue.png\",\"contentUrl\":\"https:\/\/roboticafestival.it\/2023\/wp-content\/uploads\/2023\/04\/logo-blue.png\",\"width\":900,\"height\":685,\"caption\":\"Festival della Robotica\"},\"image\":{\"@id\":\"https:\/\/roboticafestival.it\/2023\/#\/schema\/logo\/image\/\"},\"sameAs\":[\"https:\/\/www.facebook.com\/roboticsfestivalpisa\/\",\"https:\/\/www.instagram.com\/roboticspisa\/\"]}]}<\/script>\n<!-- \/ Yoast SEO plugin. -->","yoast_head_json":{"title":"Privacy Policy - Festival della Robotica","robots":{"index":"index","follow":"follow","max-snippet":"max-snippet:-1","max-image-preview":"max-image-preview:large","max-video-preview":"max-video-preview:-1"},"canonical":"https:\/\/roboticafestival.it\/2023\/privacy-policy\/","og_locale":"it_IT","og_type":"article","og_title":"Privacy Policy - Festival della Robotica","og_description":"ContactPrivacy policy PRIVACY POLICY SITO INTERNET HTTPS:\/\/ROBOTICAFESTIVAL.IT Informativa ai sensi dell\u2019art. 13 Regolamento UE 679\/2016 (GDPR) \u00a0 Fondazione Tech Care, quale Titolare del sito internet https:\/\/roboticafestival.it e nell\u2019ambito di tutte le sue attivit\u00e0, Le fornisce le seguenti informazioni relative al trattamento dei dati personali con riferimento alla navigazione e l\u2019utilizzo del seguente sito internet. Il...","og_url":"https:\/\/roboticafestival.it\/2023\/privacy-policy\/","og_site_name":"Festival della Robotica","article_publisher":"https:\/\/www.facebook.com\/roboticsfestivalpisa\/","article_modified_time":"2023-04-16T08:49:58+00:00","twitter_card":"summary_large_image","twitter_misc":{"Tempo di lettura stimato":"7 minuti"},"schema":{"@context":"https:\/\/schema.org","@graph":[{"@type":"WebPage","@id":"https:\/\/roboticafestival.it\/2023\/privacy-policy\/","url":"https:\/\/roboticafestival.it\/2023\/privacy-policy\/","name":"Privacy Policy - Festival della Robotica","isPartOf":{"@id":"https:\/\/roboticafestival.it\/2023\/#website"},"datePublished":"2023-04-16T08:48:17+00:00","dateModified":"2023-04-16T08:49:58+00:00","breadcrumb":{"@id":"https:\/\/roboticafestival.it\/2023\/privacy-policy\/#breadcrumb"},"inLanguage":"it-IT","potentialAction":[{"@type":"ReadAction","target":["https:\/\/roboticafestival.it\/2023\/privacy-policy\/"]}]},{"@type":"BreadcrumbList","@id":"https:\/\/roboticafestival.it\/2023\/privacy-policy\/#breadcrumb","itemListElement":[{"@type":"ListItem","position":1,"name":"Home","item":"https:\/\/roboticafestival.it\/2023\/"},{"@type":"ListItem","position":2,"name":"Privacy Policy"}]},{"@type":"WebSite","@id":"https:\/\/roboticafestival.it\/2023\/#website","url":"https:\/\/roboticafestival.it\/2023\/","name":"Festival della Robotica","description":"Evento di divulgazione scientifica del mondo della tecnologia e dell&#039;innovazione","publisher":{"@id":"https:\/\/roboticafestival.it\/2023\/#organization"},"potentialAction":[{"@type":"SearchAction","target":{"@type":"EntryPoint","urlTemplate":"https:\/\/roboticafestival.it\/2023\/?s={search_term_string}"},"query-input":"required name=search_term_string"}],"inLanguage":"it-IT"},{"@type":"Organization","@id":"https:\/\/roboticafestival.it\/2023\/#organization","name":"Festival della Robotica","url":"https:\/\/roboticafestival.it\/2023\/","logo":{"@type":"ImageObject","inLanguage":"it-IT","@id":"https:\/\/roboticafestival.it\/2023\/#\/schema\/logo\/image\/","url":"https:\/\/roboticafestival.it\/2023\/wp-content\/uploads\/2023\/04\/logo-blue.png","contentUrl":"https:\/\/roboticafestival.it\/2023\/wp-content\/uploads\/2023\/04\/logo-blue.png","width":900,"height":685,"caption":"Festival della Robotica"},"image":{"@id":"https:\/\/roboticafestival.it\/2023\/#\/schema\/logo\/image\/"},"sameAs":["https:\/\/www.facebook.com\/roboticsfestivalpisa\/","https:\/\/www.instagram.com\/roboticspisa\/"]}]}},"_links":{"self":[{"href":"https:\/\/roboticafestival.it\/2023\/wp-json\/wp\/v2\/pages\/28297"}],"collection":[{"href":"https:\/\/roboticafestival.it\/2023\/wp-json\/wp\/v2\/pages"}],"about":[{"href":"https:\/\/roboticafestival.it\/2023\/wp-json\/wp\/v2\/types\/page"}],"author":[{"embeddable":true,"href":"https:\/\/roboticafestival.it\/2023\/wp-json\/wp\/v2\/users\/1"}],"replies":[{"embeddable":true,"href":"https:\/\/roboticafestival.it\/2023\/wp-json\/wp\/v2\/comments?post=28297"}],"version-history":[{"count":4,"href":"https:\/\/roboticafestival.it\/2023\/wp-json\/wp\/v2\/pages\/28297\/revisions"}],"predecessor-version":[{"id":28301,"href":"https:\/\/roboticafestival.it\/2023\/wp-json\/wp\/v2\/pages\/28297\/revisions\/28301"}],"wp:attachment":[{"href":"https:\/\/roboticafestival.it\/2023\/wp-json\/wp\/v2\/media?parent=28297"}],"curies":[{"name":"wp","href":"https:\/\/api.w.org\/{rel}","templated":true}]}}